 0*s + 4*s = 5*x - 3479. Suppose 0 = 2*w + 3*g - x, 5*w - 1690 = -0*g + 2*g. Let o = -223 + w. What is the hundreds digit of o?
1
Let f = 30168 + -27380. What is the thousands digit of f?
2
Suppose 9467 - 1232 = x + 3*v, 0 = -5*x + 5*v + 41195. Suppose 3085 = 13*c - x. What is the units digit of c?
1
Suppose -110*p - 39 = -107*p. What is the units digit of (154 - p) + (0 - 7)?
0
Let r(q) = q + 3. Let b be r(7). Suppose -11*x = -b*x - 337. What is the units digit of x?
7
Suppose 196*s + 777 - 21381 = 190*s. What is the hundreds digit of s?
4
Let w(q) = -14*q - 64. Let r be w(-6). Suppose -7*y = -3*y + r, 5*i - 4585 = -y. What is the units digit of i?
8
Let j = -5 + 31. What is the units digit of -3*j*24/(-32)*6?
1
Suppose 35*h + 4 = 34*h. Let t be 199/h*16/(-2). Suppose -3*r = -r - d - 168, 3*d = -5*r + t. What is the tens digit of r?
8
Let u be 1/(-4) + (-1207)/68. What is the tens digit of u/6 + (0 - 3) + 372?
6
Let q(g) be the third derivative of g**6/120 + 2*g**5/15 - g**4/4 + 2*g**3/3 - 28*g**2. What is the units digit of q(-6)?
2
Suppose -4*c + 5*a + 80 = 0, 4*a = 5*c - 0*c - 91. What is the tens digit of (-2 - (-761)/(-2))*(-18)/c?
5
Suppose -2711 = 3*r + z + z, 2*z - 3610 = 4*r. Let l = 593 + r. What is the hundreds digit of (-1 + 3)/((-5)/l + 0)?
1
What is the ten thousands digit of 22682 + (616/105 - (-32)/240)?
2
Suppose -1050070 = 180*j - 4940410. What is the units digit of j?
3
Suppose -7*g + 7407 + 3100 = 0. Suppose -4*z + g = i, -12*i - 7420 = -17*i - 3*z. What is the tens digit of i?
8
Suppose 0 = o + a - 2, 6*o + 3*a - 20 = o. Suppose -3*x + 1405 = o*j - 2*j, -2*j - 2 = 0. What is the units digit of x?
0
Let o = 70 + -72. Let b(m) = -m**2 + 3*m + 7. Let l be b(o). What is the units digit of l/(-6) + (693/6 - 3)?
3
Suppose 114099 = 5*y - 4*k, 4*y - 128027 = 4*k - 36755. What is the ten thousands digit of y?
2
Suppose 42886 + 224810 = 8*k. Suppose 20*o + 19*o - k = 0. What is the tens digit of o?
5
Suppose -3*x = 5*s - 74, 3*s = -5*x + 2*x + 42. What is the tens digit of (-9)/((-27)/384) - s/4?
2
Let b be 199 + (-1 - 4/(-3))*-12. Let o = 215 + b. What is the units digit of o?
0
Let m be 17 + 1093 - 1*-3*1. Suppose -7*o + m = -4*o. What is the tens digit of o?
7
Let d = -3017 + 6982. What is the hundreds digit of d?
9
Let z = -321 - -266. Let u = 39 - z. What is the tens digit of u?
9
Let o(l) = 15*l**2 - 20*l + 467. What is the hundreds digit of o(25)?
3
Let u(g) = -g**2 + 2*g + 66. Let m be u(-7). Let r = 75 - m. What is the units digit of r?
2
Suppose -153*r = -152*r + 14. What is the tens digit of (-40)/r*(-2751)/(-6)?
1
Suppose 7*p - 5*p = 32. Suppose 4 = 18*b - p*b. What is the tens digit of (-56)/(b + -3) - 8/4?
5
Let v(h) = -580 + h + 0*h + 576. Let q be v(9). Suppose -115 = -q*x + 3*g, -4*x + 3*g - 29 = -124. What is the units digit of x?
0
Let q be -1 - (-3)/((-15)/1450). Let s = q - -773. What is the units digit of s?
2
Suppose -4*r + 4*j = -2488, 4*j + 625 = -17*r + 18*r. What is the tens digit of r?
2
What is the ten thousands digit of ((-2220)/4070 - (-142)/(-22)) + (1 - -64197)?
6
Suppose -5*b - 3*r + 13 = 0, -4*b - 2*r - 8 = -9*b. Let o be ((-22)/84 - b/12)*-7. Suppose 0 = -j - o, -141 = -3*a + 5*j - 0*j. What is the tens digit of a?
4
Let j(h) = -h**2 + 14*h - 29. Let v be j(11). What is the tens digit of (2 - 1088/v)/(-1)?
7
Let a(c) be the third derivative of c**5/20 + c**4/24 - 29*c**3/3 + 77*c**2. What is the units digit of a(-7)?
2
Let w = -474 - -480. Let s(x) = 33*x**2 + 9*x - 27. What is the hundreds digit of s(w)?
2
Let t(s) = 8*s**3 - s**2 - 5*s + 2. Let q be t(2). What is the units digit of 3590/8 - (q/(-16) + 3)?
9
Suppose -w + 4*s - 5 = 0, -4*w + 0*w - 5*s = -22. Suppose -w*v = -j - 16, 0 = v - 1 - 2. Let f(y) = -y**3 - 2*y**2 + 3*y - 9. What is the tens digit of f(j)?
1
Let b(f) = f**3 - 3*f**2 - 14*f + 26. Let i be b(5). Suppose i*z = 1081 + 875. What is the units digit of z?
6
Let a(q) = -4071*q + 1545. What is the units digit of a(-2)?
7
Suppose -a = 5*n - 0*n - 28, 0 = 5*n - 3*a - 16. Suppose -n*r - j + 2*j - 1480 = 0, 0 = -5*j. Let t = r + 479. What is the hundreds digit of t?
1
Let z(i) = 2*i**2 + 4. Let w be z(0). Suppose -6*u - w*u = -1340. What is the tens digit of u?
3
Suppose 5*i - 5*o = 60, -36 = -5*i - o + 48. Suppose 4*x - i*x = -5568. What is the units digit of x?
4
Suppose 63*i - 64*i - 3 = 0, 3*c - 5*i - 16722 = 0. What is the hundreds digit of c?
5
Suppose 11 - 2 = u. Suppose u*y + 0*y - 252 = 0. What is the units digit of y?
8
Suppose -438*i + 51368 + 53044 = -435*i. What is the units digit of i?
4
Let a be (0/3)/6 + (-4)/(-1). Suppose z = 5*b - 1486, -3 + a = -z. What is the tens digit of b?
9
Suppose 3*c - 2*j = 3*j + 28, 5*c = 3*j + 20. Let l = 4 + c. Suppose -3*k = -2*t + 215, -l*t + 2*k = 6*k - 526. What is the units digit of t?
6
Let f(k) = k**2 + k - 17. Suppose 5*m - 18 + 3 = 0. Let j be (5 + 0/(-1))*(-1 + m). What is the units digit of f(j)?
3
Let v = 418 + -416. Let c(p) = -p**2 - 4*p - 1. Let w be c(-3). Suppose 0*f - 2*f = -v, 4*a - w*f - 378 = 0. What is the tens digit of a?
9
Suppose 0 = -q + 3*a + 53 + 45, 0 = -3*q - 5*a + 224. Let k = q + -70. What is the tens digit of k?
1
Suppose 0 = -12*d - 13290 + 42726. Suppose 0 = 7*a - 753 - d. What is the tens digit of a?
5
Let t = -60 - -32. Let v = 32 + t. Suppose 7*n = 73 + v. What is the tens digit of n?
1
Let a(j) be the third derivative of 2*j**6/45 - j**5/30 - j**4/12 - 4*j**3/3 - 2*j**2. Let s(l) be the first derivative of a(l). What is the tens digit of s(2)?
5
Let a = 43 - 31. Let u be (8/a)/((-1)/18). What is the units digit of (-80)/u*45/25?
2
Suppose 36*i - 278152 = -54*i + 216938. What is the thousands digit of i?
5
What is the ten thousands digit of (96243/9)/((3 + -1)/(-6 + 12))?
3
Suppose -196 + 191 = 5*l. What is the tens digit of (-1)/l*(36 + (1 - 1))?
3
Suppose 0 = 5*w - 2*n - 43248, 2*w - 3*n + 11306 - 28614 = 0. What is the hundreds digit of w?
6
Let y(f) = f**2 - f + 3. Let t be y(0). Suppose -t*x + 54 = -903. What is the units digit of x?
9
Let z = 1221 - 1229. Let i(x) = -x + 2. Let y be i(3). What is the units digit of z/6*y*33?
4
Suppose 0 = -3*q + n + 5116, -5372 = -4*q - n + 1440. Suppose 4*h + 3*f - 5*f - q = 0, 5*f + 2135 = 5*h. What is the tens digit of h?
2
Let t(f) = 183*f - 4. Let l be t(-1). Let w = l - -426. What is the hundreds digit of w?
2
Let z = 3727 - -4521. Suppose 110*m + z = 118*m. What is the hundreds digit of m?
0
Let a = -192 + 194. Suppose 4*y - 736 = a*y - 4*s, y + 5*s = 359. What is the hundreds digit of y?
3
Let l(x) = 175*x**2 - 8*x - 21. Let m be l(-4). What is the thousands digit of m/(-4)*(8/3)/(-1)?
1
What is the ten thousands digit of 7 + ((-228019)/(-19) - (5 + -3))?
1
Let p be 1/4 - (-35)/(-28). Let i(s) = 23*s**2 + s. Let o be i(p). Suppose -5*y - h + 23 = -o, 0 = 2*h + 10. What is the units digit of y?
0
Suppose 5*f - 31 = 5*o - 1, 0 = -3*o - 12. Let y be f*4/(20/5). Suppose -y*z + 4*z = 134. What is the tens digit of z?
6
Let r(x) = 600 - x**2 + 0*x**3 - x**3 - 339. What is the tens digit of r(0)?
6
Let g(h) be the third derivative of -3/2*h**3 + 0*h - 5/24*h**4 + 3/20*h**5 + 0 + 43*h**2. What is the hundreds digit of g(4)?
1
Let y = 533 - 530. Let f = -102 + 196. Suppose y*d - 22 = -b, 0*d + d + f = 5*b. What is the tens digit of b?
1
Let b = 96354 - 50078. What is the ten thousands digit of b?
4
Let o(t) = -2*t**2 + 9*t + 20. Let m be o(6). Let n(p) = 38*p**3 - 2*p**2 - 6*p + 9. What is the hundreds digit of n(m)?
2
Suppose -a = 4*g - 3, -4*g + 0*g - 5*a = -15. Suppose -73*f + 72*f + 874 = g. What is the hundreds digit of f?
8
Suppose -3*m - 452 = -c, c = -m - 96 - 60. Let a = 275 + m. What is the hundreds digit of a?
1
What is the units digit of (-58)/(-435) - 48/36 - (-19982)/10?
7
Suppose 86*c - 79 = 85*c. Suppose b = -3, u + 10*b - 6*b = c. What is the tens digit of u?
9
What is the ten thousands digit of (-1327839)/(-117) + 46/(-897)?
1
Let l be 9/(-6) - ((-111)/6 + -1). Let i be 2/(-6) - 12/l - -466. Suppose 3*s = -2*s + i. What is the units digit of s?
3
Let o = 7730 - 6116. What is the hundreds digit of o?
6
Let f(n) = -n**2 - 15*n - 11. Let r be f(-11). Suppose 0 = -r*m + 19594 + 6311. What is the units digit of m?
5
Suppose d - 4*v = -3205, -121